 = -2*z**2 + 96*z + 16. Calculate the remainder when 1271 is divided by x(48).
7
Let u = 707 - 705. Suppose -5*b - u*j = -7*b + 380, -10 = 2*j. What is the remainder when b is divided by 58?
11
Let g(x) = 11 + 4*x + 6 - 5. Suppose -5*n - 1 = -36. What is the remainder when 158 is divided by g(n)?
38
Let x be (-23)/(((-12)/40)/3). Let t = 378 - 245. Let h = x - t. What is the remainder when h is divided by 20?
17
Suppose -220*r = -217*r - 6, 0 = -d - 5*r + 105. Let n = -4 - -27. Calculate the remainder when d is divided by n.
3
Calculate the remainder when 1307 is divided by -4 + -3*(48/(-60) + 2156/(-30)).
23
Suppose 61*s = 123128 + 8111 - 33029. What is the remainder when 3239 is divided by s?
19
What is the remainder when ((-3360)/(-25))/((-54)/(-180)) + 1*-2 is divided by 247?
199
Suppose 5*r - 18 = -3*m + 3, 0 = 3*r - 5*m + 1. Suppose -c - 36 = -r*c. Suppose 2*b - 5*b = -3, 3*b - 73 = -o. Calculate the remainder when o is divided by c.
16
Suppose -14*z - 46 = -19*z + 9. Calculate the remainder when 33 is divided by z.
0
Let k be ((-6)/4)/((-2)/20). Suppose -5*a + 90 = k. Calculate the remainder when (-1 + 2 - 512/(-80))*10 is divided by a.
14
Let l(n) = -2*n**3 + 39*n**2 - 13*n + 183. Calculate the remainder when l(16) is divided by 23.
19
Let m(c) = -c**3 + 19*c**2 - 34*c + 5. Let k be (-16 + 7 + -1)/(2/(-3)). What is the remainder when m(k) is divided by 16?
11
Calculate the remainder when (7 + -4)*826/15 + (-7)/35 is divided by 24.
21
Let y = 680 + -459. What is the remainder when 441 is divided by y?
220
Let r(t) = 50*t - 342. Calculate the remainder when r(10) is divided by 15.
8
Let j = -15948 - -15981. What is the remainder when 2040 is divided by j?
27
Suppose 204 = -11*k + 14*k - l, 0 = -5*k + 4*l + 347. Suppose 8*o - 101 = 19. What is the remainder when k is divided by o?
7
Let h = 14693 - 14682. Suppose 2 = -2*r - 2. What is the remainder when (-8)/10*105/r is divided by h?
9
Suppose q + 7 = 4, 3*i = -q + 117. Calculate the remainder when 3478 is divided by i.
38
Calculate the remainder when 252 + 20*(-7)/(-14) is divided by 24.
22
Let a(r) = -386*r - 140. What is the remainder when 1226 is divided by a(-1)?
242
Suppose -2*n = -2*p + 52, -2*n = 2*p + 18 - 62. Suppose -5*z = -v - 104, 19*z - 3*v = p*z - 88. What is the remainder when 33 is divided by z?
13
Suppose 123*h - 1917 + 2209 = 4597. Calculate the remainder when h is divided by 19.
16
Let v(n) = n**3 + 9*n**2 + 8*n + 4. Let a be v(-8). Let b be ((-148)/12 + a)*-3. Suppose -5*j = -345 - b. Calculate the remainder when j is divided by 40.
34
Suppose 4*f + 136 + 20 = 0. Let t = 8 - f. Let c(s) = s**3 + 16*s**2 + 49*s - 49. What is the remainder when t is divided by c(-11)?
13
Let v(b) = -28*b + 3. Let r be (8 + -14)*(-1)/2. Suppose k = r*y + 5, -11 = k + 4*y + y. What is the remainder when v(k) is divided by 11?
9
Let q(d) = 6*d**2 - 46*d + 500. Calculate the remainder when q(10) is divided by 54.
46
Suppose 1 = 2*j - 13. What is the remainder when ((-296)/(-10))/(48/120) is divided by j?
4
Let r(a) = -a**2 - 85*a - 930. Calculate the remainder when r(-20) is divided by 120.
10
Suppose -5*g - 2*g = -1358. Suppose 0 = 16*b - 254 - g. Calculate the remainder when 108 is divided by b.
24
Let p be -6*3*4/(-24). Suppose 4*t + s - 187 = 0, -3*t + t + 91 = p*s. What is the remainder when 181 is divided by t?
40
Let j be (-3 - -41) + (-3)/(-1). Let y = 38 - j. Let r(p) = -p**3 + p - 3. What is the remainder when r(y) is divided by 12?
9
Calculate the remainder when 6134 is divided by ((-56)/(-7) - (-4 - -9)) + 18 + -1.
14
Let q be (1668/(-9))/(8/(-12))*1. Let w = q + -228. What is the remainder when 93 is divided by w?
43
Let d(i) = 930*i - 1144. Calculate the remainder when d(20) is divided by 17.
14
Suppose 0 = l + 3*s - 164, 33*l + 5*s + 295 = 35*l. What is the remainder when 486 is divided by l?
21
Suppose -5*b - 27 = -6*b. Let x = b - 17. What is the remainder when (-3)/((-6)/74*1) is divided by x?
7
Suppose h - 575 = 33. Let y = h - 176. What is the remainder when y is divided by 14?
12
Let h(w) = 3*w + 11. Let s = 23 - 28. Let o be h(s). What is the remainder when 4 is divided by 8/12 - o/12?
0
Suppose 227185 = 223*n - 166625 - 301281. What is the remainder when n is divided by 120?
117
Suppose 0 = -185*c + 290*c - 5040. What is the remainder when 1679 is divided by c?
47
Suppose 283 = 2*r + 2*s - 527, 0 = 4*r + 5*s - 1620. Suppose 5*w - r - 15 = 0. What is the remainder when w is divided by 11?
7
Let o be ((-1)/(-5)*92)/(6/(-15)). Let i = 57 + o. Calculate the remainder when 19 is divided by i.
8
Suppose h - 24*p = -27*p + 205, 5*h - p = 929. What is the remainder when 531 is divided by h?
157
Let u = -231 + 234. Suppose -6*p + u*p - 92 = -x, 450 = 5*x - 5*p. Calculate the remainder when x is divided by 25.
14
Let h(r) = -10 + 0 + 23*r - 24*r. Let l be h(-6). Let t(y) = y**3 + 9*y**2 - 2*y + 2. Calculate the remainder when t(l) is divided by 23.
21
Suppose -6747 = 5*t - 6862. Let r = -7 - -119. What is the remainder when r is divided by t?
20
Suppose -11*d + 7*d + h = -812, 0 = 2*d + 5*h - 428. Let n = 218 - d. What is the remainder when 27 is divided by n?
13
Suppose -44*w - 22*w = 24*w - 11250. What is the remainder when 735 is divided by w?
110
Let d be (3/6)/(2/372). Let h = d - 40. Suppose 27*f + 18*f + 108 = 51*f. What is the remainder when h is divided by f?
17
Let f(a) = a**3 - 12*a**2 + 61*a - 872. Calculate the remainder when f(16) is divided by 71.
63
What is the remainder when 1/(-3) + ((-84456400)/(-93))/70 is divided by 20?
13
Let r = 372 + -376. What is the remainder when (-19270)/(-30) + r + 4/(-3) is divided by 40?
37
Let s = 36240 + -35034. What is the remainder when s is divided by 77?
51
Suppose 5*h + 5*r - 339 - 266 = 0, -4*h = -5*r - 565. Calculate the remainder when 2200 is divided by h.
120
Let f(j) = -12*j - 1. Let q(w) be the first derivative of -17*w**2/2 - 30*w - 3. What is the remainder when q(-3) is divided by f(-1)?
10
Let u = -45 - -46. Let i be u + (-2 - (-4 + 4)). What is the remainder when 109 is divided by (8 + i)*(15 - 11)?
25
Let j(r) = 9*r + 16. Suppose 2*h - 59 = -8*g + 3*g, 3*g - 49 = -2*h. What is the remainder when j(h) is divided by 29?
24
Let y = 3133 + -2891. What is the remainder when y is divided by 7?
4
Let b = 78 + -54. Let f be (-466)/10 - b/60. Let u = f - -49. What is the remainder when 15 is divided by u?
1
Suppose -181*t - 1157 + 56000 = 0. What is the remainder when t is divided by 21?
9
Let v = 67 - 53. Suppose 2*w = -2*w - g + 9, 2*g - 9 = -5*w. Suppose w*a = a + 82. Calculate the remainder when a is divided by v.
13
What is the remainder when ((-1708)/(-21))/((-33)/(-198)) is divided by 195?
98
Let x = 1634 + -1613. Let i = 387 - 211. What is the remainder when i is divided by x?
8
Suppose -30*z + 27*z + 51 = 0. Let p(c) = c**3 - 8*c**2 - 5*c - 4. Let l be p(8). Let d = l - -92. What is the remainder when d is divided by z?
14
Suppose 5*u - 2214 = i + 3174, -3236 = -3*u - i. Calculate the remainder when u is divided by 84.
70
Let g = -655 - -666. Suppose -q = -g*q + 450. What is the remainder when 174 is divided by q?
39
Suppose 3*r = -2*k - k - 195, 0 = -r + 3*k - 57. Let c = -41 - r. What is the remainder when 36 is divided by c?
14
Let b(p) = 2*p**2 + 6*p + 32. Let r(m) = 2*m**2 + 5*m + 31. Let h(c) = -5*b(c) + 6*r(c). Calculate the remainder when 72 is divided by h(0).
20
Suppose -4*a = 2*h - 6160, 34*h - 33*h + a = 3079. Calculate the remainder when h is divided by 11.
9
Suppose 0 = -5*n + v + 37, -n = 2*v + 8 - 22. Let l = 18 - n. Suppose -11*t + 43 = -485. Calculate the remainder when t is divided by l.
8
Suppose -l - 2*r = 0, -3*l = -0*l - 4*r - 10. Let i be l + (3 - 2/1). Suppose -i*t - 19 = -67. What is the remainder when 61 is divided by t?
13
Let a be 10/(-15) + 341/3. Let m = a + 91. Suppose -6*c = -10*c + 164. Calculate the remainder when m is divided by c.
40
Let u(b) = -20*b**2 + 124*b - 6. What is the remainder when 582 is divided by u(6)?
6
Suppose -i - 2*i - 6989 = -32*i. Let w(c) = -60*c**3 - 2*c - 1. What is the remainder when i is divided by w(-1)?
58
Let t = -563 + 593. Suppose -36*x + 228 = -t*x. Let n(i) = i + 8. What is the remainder when x is divided by n(6)?
10
Let p(l) = 53*l**2 + 52